st common divisor of 122078 and 248?
62
What is the greatest common divisor of 64 and 7456?
32
Calculate the highest common divisor of 59368 and 82.
82
Calculate the greatest common divisor of 3 and 188189.
1
Calculate the highest common factor of 155 and 3413937.
31
Calculate the highest common factor of 140 and 1652.
28
What is the greatest common divisor of 145 and 44645?
5
What is the highest common divisor of 781092 and 348?
12
What is the highest common factor of 1179 and 5858451?
1179
What is the highest common factor of 467781 and 1446?
723
What is the highest common divisor of 130908 and 348?
12
Calculate the highest common factor of 312 and 2381730.
78
Calculate the highest common divisor of 2077570 and 2420.
1210
What is the highest common factor of 288 and 664?
8
Calculate the greatest common divisor of 570300 and 24.
12
What is the greatest common divisor of 16762 and 259318?
986
Calculate the greatest common factor of 216 and 4432.
8
Calculate the highest common divisor of 6484890 and 114.
114
Calculate the greatest common factor of 1144 and 113464.
104
Calculate the highest common factor of 356880 and 240.
240
What is the greatest common divisor of 6 and 611715?
3
Calculate the highest common divisor of 57 and 4864.
19
Calculate the highest common factor of 13166 and 64014.
454
What is the greatest common divisor of 2725 and 177275?
25
Calculate the greatest common factor of 408 and 264282.
102
What is the highest common divisor of 5247 and 63918?
477
Calculate the greatest common factor of 592 and 688.
16
What is the highest common divisor of 2260 and 740?
20
What is the greatest common divisor of 87673 and 949?
73
Calculate the greatest common divisor of 3793 and 144.
1
Calculate the highest common divisor of 1010 and 43228.
202
Calculate the greatest common divisor of 2236 and 24102.
26
Calculate the highest common factor of 529814 and 194.
194
What is the highest common factor of 57 and 521607?
57
Calculate the greatest common factor of 13172 and 68228.
148
Calculate the highest common divisor of 106 and 316410.
106
What is the greatest common factor of 120 and 15160?
40
What is the highest common divisor of 182310 and 3363?
177
What is the highest common factor of 726 and 108?
6
Calculate the greatest common divisor of 202 and 622766.
202
What is the greatest common factor of 104136 and 48?
24
What is the highest common factor of 9 and 33075108?
9
Calculate the greatest common divisor of 23904 and 4032.
288
What is the highest common factor of 235 and 30250?
5
Calculate the greatest common factor of 1010 and 9750.
10
Calculate the highest common divisor of 57247 and 655.
131
Calculate the greatest common factor of 1616 and 4141.
101
Calculate the highest common divisor of 279084 and 156.
156
Calculate the greatest common factor of 1467 and 19723.
163
Calculate the greatest common factor of 1521 and 1535508.
117
What is the highest common divisor of 137415 and 15?
15
What is the greatest common divisor of 121764 and 657?
219
What is the highest common factor of 126 and 399231?
63
What is the greatest common divisor of 275 and 209352?
11
What is the greatest common divisor of 24 and 64488?
24
What is the greatest common divisor of 5075070 and 30?
30
What is the highest common divisor of 22 and 102938?
22
Calculate the highest common factor of 285110 and 2170.
70
What is the greatest common divisor of 2387 and 279?
31
Calculate the highest common factor of 8648 and 94024.
184
What is the highest common factor of 96 and 127056?
48
What is the highest common divisor of 5 and 23615?
5
What is the greatest common factor of 9 and 3385?
1
What is the greatest common factor of 1017 and 26091?
9
What is the highest common divisor of 7161 and 2604?
651
Calculate the greatest common divisor of 16524 and 7632.
36
Calculate the greatest common divisor of 42 and 4657401.
21
What is the greatest common divisor of 79320 and 510?
30
Calculate the highest common factor of 1463 and 3857.
133
Calculate the highest common divisor of 7 and 1388828.
7
Calculate the greatest common factor of 97551 and 243.
27
What is the greatest common divisor of 4148 and 20?
4
What is the greatest common factor of 286 and 309881?
143
Calculate the greatest common divisor of 66 and 85998.
66
Calculate the highest common factor of 329 and 57763.
47
Calculate the highest common factor of 27642 and 1122.
102
Calculate the greatest common divisor of 915 and 57279.
183
Calculate the highest common factor of 180 and 1688805.
45
What is the greatest common divisor of 25604 and 740?
148
Calculate the greatest common factor of 480 and 218910.
30
Calculate the highest common factor of 19223806 and 14.
14
Calculate the highest common divisor of 18721 and 1067.
97
Calculate the highest common factor of 45 and 40707.
9
What is the highest common factor of 37870 and 70?
70
What is the highest common divisor of 131250 and 210?
210
Calculate the greatest common divisor of 25521 and 1692.
141
Calculate the greatest common factor of 212 and 47912.
212
What is the greatest common factor of 143 and 2552?
11
What is the highest common factor of 16471 and 195?
13
Calculate the highest common factor of 58385 and 145.
5
Calculate the highest common factor of 309 and 26641053.
309
Calculate the highest common divisor of 462 and 330.
66
What is the highest common factor of 527634 and 324?
162
Calculate the highest common divisor of 2065 and 187325.
295
What is the highest common divisor of 2208 and 184736?
736
What is the greatest common divisor of 71250 and 684?
114
Calculate the greatest common factor of 3330 and 308950.
370
What is the greatest common factor of 2025348 and 156?
156
Calculate the greatest common factor of 54 and 25245.
27
Calculate the highest common factor of 4121 and 8879.
13
What is the highest common factor of 4485 and 9165?
195
What is the greatest common factor of 12438 and 170677?
691
What is the greatest common factor of 832 and 1561664?
832
Calculate the highest common divisor of 39349 and 5415.
361
Calculate the greatest common factor of 13468 and 658.
14
Calculate the greatest common divisor of 14948 and 31524.
148
What is the greatest common factor of 26780 and 520?
260
Calculate the greatest common divisor of 943 and 7790.
41
Calculate the greatest common divisor of 8397 and 110405.
311
Calculate the greatest common divisor of 274 and 216734.
274
What is the highest common factor of 415024 and 8?
8
Calculate the greatest common divisor of 1078 and 1076.
2
Calculate the greatest common factor of 61101 and 438.
219
What is the highest common factor of 151662 and 644?
322
What is the highest common factor of 201816 and 108?
36
Calculate the greatest common factor of 80029 and 955.
191
What is the highest common factor of 17 and 264860?
17
What is the greatest common factor of 62 and 169694?
62
Calculate the greatest common divisor of 436 and 48178.
218
Calculate the greatest common factor of 20247 and 111.
3
What is the greatest common factor of 16368 and 528?
528
What is the highest common factor of 1568 and 39788?
196
What is the highest common divisor of 37772 and 19?
19
What is the greatest common factor of 1386 and 4237926?
462
What is the greatest common divisor of 21732 and 11976?
12
What is the greatest common factor of 1046 and 548627?
523
What is the highest common divisor of 3922 and 29362?
106
What is the greatest common factor of 155 and 31000?
155
What is the greatest common divisor of 2826 and 532858?
314
What is the highest common divisor of 3756 and 9066?
6
What is the greatest common divisor of 287382 and 15825?
633
What is the highest common divisor of 197400 and 3200?
200
Calculate the greatest common divisor of 18 and 170757.
9
What is the highest common factor of 359730 and 15?
15
Calculate the highest common divisor of 40 and 4040.
40
What is the greatest common factor of 2485 and 44375?
355
What is the highest common factor of 92 and 227240?
92
Calculate the greatest common factor of 57981 and 987.
21
What is the highest common factor of 4213 and 19533?
383
Calculate the highest common factor of 270 and 5520285.
135
Calculate the highest common divisor of 10109 and 407.
11
What is the greatest common factor of 3995 and 3485?
85
What 